5*j - 25. Let g(n) = -2*n**2 + 3*n**2 + 0 - 13*n**j - 1. Let o be g(-1). Calculate the greatest common divisor of 52 and o.
13
Let j(s) = s**3 + s**2 + s. Let c(f) = -15*f**3 + 3*f**2 + 3*f + 1. Let q(x) = c(x) - j(x). Let h be q(-1). What is the highest common divisor of 68 and h?
17
Let s be (-2)/7 + 620/(-35). Let z be 6/s + 118/3. What is the greatest common divisor of z and 26?
13
Let n be (11 - -1)*1/(-2). Let t(r) = r + 20. Let f be t(n). What is the greatest common divisor of f and 14?
14
Suppose 0*o = -4*o + 16. Suppose 2*f = o*f - 6. Let v(q) = 4*q - 4. Let k be v(7). Calculate the greatest common factor of k and f.
3
Let x(u) = -u + 3 + 0*u**2 - u**2 + 4*u. Let r be x(3). Let m(w) = -w**3 + 11*w**2 + 1. Let v be m(11). What is the greatest common factor of r and v?
1
Let o = -108 + 227. What is the greatest common divisor of o and 17?
17
Let p(t) = -22 + t + 7 + 2*t. Let u be p(10). Suppose -n = -8 - 22. Calculate the greatest common factor of u and n.
15
Let d(z) = -z**3 - 4*z**2 + 12*z + 14. Let y be d(-7). Calculate the greatest common factor of y and 7.
7
Suppose -14*i + 158 + 52 = 0. Calculate the greatest common factor of i and 10.
5
Suppose 4*g - 317 - 426 = -5*d, g = -3*d + 184. Let u = -14 + 31. Calculate the highest common factor of u and g.
17
Suppose 4*o - 8*o = -40. Let s = 18 - o. What is the highest common factor of 64 and s?
8
Let i = -95 - -139. Let k = i + -24. What is the greatest common divisor of 50 and k?
10
Let q be (6/15)/(2/10). Suppose r = q - 5. Let h = 7 + r. Calculate the highest common divisor of 4 and h.
4
Let d be ((-5)/(-2))/5*10. Suppose 4*c - d*c = -11. Suppose -5*w = 3*a - 284, 2*w - 4*a = a + 95. What is the highest common factor of w and c?
11
Suppose -3*s + 35 = -g, 5*g - 35 = -2*s + 8*g. Calculate the greatest common factor of s and 40.
10
Let x be 1/4 + 7/4. Let b(y) be the second derivative of y**5 + y**2/2 + 3*y. Let g be b(x). Calculate the highest common factor of g and 23.
23
Let x = 87 + -48. Suppose 52 = -2*m + 4*m. What is the highest common factor of x and m?
13
Suppose -o = 4*o - 595. Let a = o + -64. What is the greatest common factor of a and 5?
5
Let p = 147 + -53. Let k = p + -3. Let n = -43 + k. Calculate the highest common factor of n and 6.
6
Let m(r) = -r**2 + 6*r + 4. Let z be m(6). Suppose 7*l = 5*l + 72. Calculate the greatest common factor of z and l.
4
Let y be 2/((-1)/3*-2). Suppose 5*w + 1 = -2*q - 6, y*q - 3*w = 21. Suppose -5*f + q = -f. What is the greatest common divisor of f and 8?
1
Suppose w - 13*w + 312 = 0. What is the greatest common factor of 234 and w?
26
Let i = -48 - -137. Let f = i + -51. Calculate the greatest common divisor of 95 and f.
19
Suppose -5*o - 5*h = -2*h - 1, -17 = -o + 5*h. Let n(f) = 33*f**2 - f. Let y be n(o). Let g be 6/3 + (10 - -1). What is the highest common factor of y and g?
13
Let c = 6 - 3. Suppose 2*n + 0*n = -5*h + 29, -c*h + 63 = 5*n. Calculate the greatest common divisor of 96 and n.
12
Let j(l) = -l + 22. Let p be j(-5). What is the highest common factor of p and 9?
9
Let u = -40 - -84. What is the highest common factor of 11 and u?
11
Let c = -9 - -14. Suppose -3*r + 5*g + 55 = -r, -5*r + 225 = c*g. Calculate the highest common factor of 60 and r.
20
Suppose -3*t = -t - 6. Let x(b) = 2*b**2 - 4*b + 4. Let m be x(t). Calculate the highest common factor of m and 70.
10
Suppose 3 = 2*y - 5. Suppose 0 = 8*b - y*b - 76. Suppose -19 = -4*w - m - 6, -4*w + m = -b. Calculate the greatest common divisor of w and 28.
4
Suppose -5*q + 0*y + 29 = 4*y, -y + 1 = 0. Let b be 2 + (4 - (-1 - -2)). What is the greatest common factor of b and q?
5
Suppose p - 4 - 46 = 0. Suppose v = -4*v + p. Calculate the highest common divisor of v and 40.
10
Let c be 2/(-3) + 55/15. Suppose 27 = 5*v - c*p + 3, -8 = -v - p. Calculate the highest common divisor of v and 6.
6
Let r = 33 - 9. Let x = r - 16. What is the highest common divisor of x and 2?
2
Let n be (-54)/4*(4 - 22) + -3. What is the greatest common divisor of n and 30?
30
Suppose -3*b + 9 = -27. Let p(d) = b*d + d + 2*d**2 - 3*d**2. Let m be p(6). What is the highest common factor of 6 and m?
6
Let b be (-321)/(-12) + (-2)/(-8). What is the highest common divisor of 9 and b?
9
Let t be 4/14*1*14. Let p = t + 8. Calculate the highest common divisor of 132 and p.
12
Let z(j) = j**2 + 35. Let l be z(11). Calculate the highest common divisor of l and 12.
12
Let b(c) = c**2 + 6*c - 3. Let l be b(-17). Let x be 0/(3/((-3)/2)). Suppose -f - f + 46 = x. Calculate the highest common factor of f and l.
23
Suppose -8*a + 3*a + 2*o = -134, -3*o = -2*a + 47. Calculate the greatest common divisor of 4 and a.
4
Suppose w - 70 = -6*w. Calculate the highest common factor of 70 and w.
10
Let x = -6 - -6. Suppose 4*z - 31 + 3 = x. Let j be 1/3 + (-292)/(-6). Calculate the highest common factor of j and z.
7
Let i(c) = 5*c**2 + 8*c + 5. Let d be i(-5). Let y be (100/6)/5*3. What is the highest common factor of d and y?
10
Let a = -3 + 9. Suppose r + 50 = a*r. Let l be ((-12)/r)/(6/(-45)). What is the greatest common factor of l and 36?
9
Suppose -3*t = -7*t. Let a be 24 + -2 + (t - 2). Calculate the greatest common divisor of 10 and a.
10
Let l be (-6)/4*10/(-15). Let a be -1 + -1 + 15/3. Let c(u) = 2*u + 1. Let h be c(a). Calculate the greatest common divisor of h and l.
1
Suppose -7*y - 352 = -3*f - 5*y, 0 = 2*f - 3*y - 228. Suppose u + 3*t - 12 = 0, u - 10 = -5*t + 2. What is the highest common divisor of u and f?
12
Suppose -4*c = -7*c + 126. What is the greatest common divisor of 6 and c?
6
Let f = 26 - 14. Suppose -4*n + 62 = -2*o - 0*o, 0 = 3*o - 15. Calculate the greatest common factor of n and f.
6
Suppose 2*r = -2*r + 528. Calculate the greatest common divisor of 12 and r.
12
Let f be 2/(-5) + 134/10. Let b = -12 + f. What is the greatest common factor of b and 9?
1
Let p = 22 + -1. Suppose -5*v + 442 - 22 = 0. Calculate the highest common divisor of v and p.
21
Let s be (-4 + 5)*(-3 + 4 - -1). What is the greatest common divisor of s and 22?
2
Let s = -47 + 51. Let x(d) = -d. Let y be x(-4). Suppose -n = 3*u, -5*u + n - y = 4*n. What is the greatest common divisor of s and u?
1
Suppose -179 = -5*m + 4*f, 5 = -7*f + 2*f. What is the greatest common divisor of 245 and m?
35
Let m be -2*19/4*-6. Suppose 0 = 4*v + 9 - m. Calculate the highest common divisor of v and 120.
12
Suppose 0 = o + 4*r + 1 + 5, -3*o = 2*r - 2. Suppose -o*p - p = -12. Calculate the highest common divisor of 4 and p.
4
Let b be (-144)/(-1)*9/18. Suppose i = -i + b. What is the highest common divisor of 9 and i?
9
Let p = 88 - -37. Suppose -5*h = 4*t - p, -5*h = 2*t - 3*t - 100. What is the greatest common factor of 3 and h?
3
Suppose 2*l + 3*l - 10 = 0. Suppose -s + 3*s = -l*n + 48, n + 39 = 2*s. Calculate the highest common factor of 21 and s.
21
Let i = -4 + 21. Calculate the highest common divisor of i and 68.
17
Suppose -4*b = -269 - 171. What is the greatest common factor of 10 and b?
10
Suppose 2 + 0 = -4*n + 5*k, -k = 5*n - 12. Suppose 0 = 4*l - 2*l - n*t, 4*t - 24 = -4*l. Calculate the greatest common factor of 1 and l.
1
Suppose 0*g - 5*g + 180 = 0. Let b = 1 - -3. Let q be 62/5 + b/(-10). Calculate the highest common factor of q and g.
12
Let s be 21/(-2 - (-6 + 3)). Suppose 4*l = -3*k + 38, 5*k + 2*l + 18 - 86 = 0. Calculate the highest common divisor of s and k.
7
Let o be 196 + 2 - (1 + -1). What is the highest common divisor of o and 22?
22
Suppose -26 = -4*p + 38. Let r = 3 - 0. Suppose r*x = -17 + 137. What is the highest common divisor of x and p?
8
Let v be ((-6)/(-7))/(2/28). Suppose -k = 4*k - 180. Calculate the highest common factor of k and v.
12
Let k be 475/20 - (-4)/16. Calculate the greatest common factor of k and 3.
3
Let z be 127/3 + (-2)/6. Suppose 3*t - 2*f + 4*f - 26 = 0, 4*f - 16 = 0. Calculate the highest common divisor of z and t.
6
Let v(w) = -w**3 - w**2 + w + 19. Let a be (-2)/(-2 - -4) - -1. Let i be v(a). What is the greatest common factor of 190 and i?
19
Suppose -r + 0 = -2*n + 4, 5*r = 2*n - 4. Suppose -3*s + s - 30 = r. Let c = s + 30. Calculate the highest common factor of c and 30.
15
Let o = 6 - 9. Let a be -2 + 1 - (-3 - o). Let d be -1 + a/(1/(-19)). Calculate the highest common fa